{"id":996,"date":"2021-10-28T14:14:29","date_gmt":"2021-10-28T10:14:29","guid":{"rendered":"http:\/\/domounlaplaine.re\/?page_id=996"},"modified":"2022-06-26T08:42:13","modified_gmt":"2022-06-26T04:42:13","slug":"base-lunaire","status":"publish","type":"page","link":"http:\/\/domounlaplaine.re\/?page_id=996","title":{"rendered":"BASE LUNAIRE"},"content":{"rendered":"\n<figure class=\"wp-block-image size-full\"><img loading=\"lazy\" decoding=\"async\" width=\"2560\" height=\"1842\" src=\"http:\/\/domounlaplaine.re\/wp-content\/uploads\/2021\/10\/jir-12-oct202130005-scaled.jpg\" alt=\"\" class=\"wp-image-1011\" srcset=\"http:\/\/domounlaplaine.re\/wp-content\/uploads\/2021\/10\/jir-12-oct202130005-scaled.jpg 2560w, http:\/\/domounlaplaine.re\/wp-content\/uploads\/2021\/10\/jir-12-oct202130005-300x216.jpg 300w\" sizes=\"auto, (max-width: 2560px) 100vw, 2560px\" \/><\/figure>\n\n\n\n<div data-wp-interactive=\"core\/file\" class=\"wp-block-file\"><object data-wp-bind--hidden=\"!state.hasPdfPreview\" hidden class=\"wp-block-file__embed\" data=\"http:\/\/domounlaplaine.re\/wp-content\/uploads\/2021\/10\/Communique-Domoun-la-Plaine-base-lunaire.pdf\" type=\"application\/pdf\" style=\"width:100%;height:600px\" aria-label=\"Contenu embarqu\u00e9 Contenu embarqu\u00e9 Communiqu\u00e9 Domoun la Plaine base lunaire..\"><\/object><a id=\"wp-block-file--media-fe48d021-6986-49e6-a05a-03cfa08ed5d4\" href=\"http:\/\/domounlaplaine.re\/wp-content\/uploads\/2021\/10\/Communique-Domoun-la-Plaine-base-lunaire.pdf\">Communiqu\u00e9 Domoun la Plaine base lunaire<\/a><a href=\"http:\/\/domounlaplaine.re\/wp-content\/uploads\/2021\/10\/Communique-Domoun-la-Plaine-base-lunaire.pdf\" class=\"wp-block-file__button\" download aria-describedby=\"wp-block-file--media-fe48d021-6986-49e6-a05a-03cfa08ed5d4\">T\u00e9l\u00e9charger<\/a><\/div>\n\n\n\n<div data-wp-interactive=\"core\/file\" class=\"wp-block-file\"><object data-wp-bind--hidden=\"!state.hasPdfPreview\" hidden class=\"wp-block-file__embed\" data=\"http:\/\/domounlaplaine.re\/wp-content\/uploads\/2021\/11\/Lettre-au-directeur-du-parc-8-oct-2021.pdf\" type=\"application\/pdf\" style=\"width:100%;height:600px\" aria-label=\"Contenu embarqu\u00e9 Contenu embarqu\u00e9 Lettre au directeur du parc 8 oct 2021..\"><\/object><a id=\"wp-block-file--media-aa9a07b4-ac9a-43c3-b3f5-cef1b61663f9\" href=\"http:\/\/domounlaplaine.re\/wp-content\/uploads\/2021\/11\/Lettre-au-directeur-du-parc-8-oct-2021.pdf\">Lettre au directeur du parc 8 oct 2021<\/a><a href=\"http:\/\/domounlaplaine.re\/wp-content\/uploads\/2021\/11\/Lettre-au-directeur-du-parc-8-oct-2021.pdf\" class=\"wp-block-file__button\" download aria-describedby=\"wp-block-file--media-aa9a07b4-ac9a-43c3-b3f5-cef1b61663f9\">T\u00e9l\u00e9charger<\/a><\/div>\n\n\n\n<div data-wp-interactive=\"core\/file\" class=\"wp-block-file\"><object data-wp-bind--hidden=\"!state.hasPdfPreview\" hidden class=\"wp-block-file__embed\" data=\"http:\/\/domounlaplaine.re\/wp-content\/uploads\/2021\/10\/info-re-5-oct-2021.pdf\" type=\"application\/pdf\" style=\"width:100%;height:600px\" aria-label=\"Contenu embarqu\u00e9 Contenu embarqu\u00e9 info re 5 oct 2021..\"><\/object><a id=\"wp-block-file--media-eb4a9469-65f4-4489-8de9-2892f0b95268\" href=\"http:\/\/domounlaplaine.re\/wp-content\/uploads\/2021\/10\/info-re-5-oct-2021.pdf\">info re 5 oct 2021<\/a><a href=\"http:\/\/domounlaplaine.re\/wp-content\/uploads\/2021\/10\/info-re-5-oct-2021.pdf\" class=\"wp-block-file__button\" download aria-describedby=\"wp-block-file--media-eb4a9469-65f4-4489-8de9-2892f0b95268\">T\u00e9l\u00e9charger<\/a><\/div>\n\n\n\n<figure class=\"wp-block-image size-large\"><img loading=\"lazy\" decoding=\"async\" width=\"1024\" height=\"739\" src=\"http:\/\/domounlaplaine.re\/wp-content\/uploads\/2021\/10\/jir-12-oct20210010-1024x739.jpg\" alt=\"\" class=\"wp-image-1008\" srcset=\"http:\/\/domounlaplaine.re\/wp-content\/uploads\/2021\/10\/jir-12-oct20210010-1024x739.jpg 1024w, http:\/\/domounlaplaine.re\/wp-content\/uploads\/2021\/10\/jir-12-oct20210010-300x216.jpg 300w, http:\/\/domounlaplaine.re\/wp-content\/uploads\/2021\/10\/jir-12-oct20210010-768x554.jpg 768w\" sizes=\"auto, (max-width: 1024px) 100vw, 1024px\" \/><\/figure>\n\n\n\n<figure class=\"wp-block-image size-full\"><img loading=\"lazy\" decoding=\"async\" width=\"2560\" height=\"1832\" src=\"http:\/\/domounlaplaine.re\/wp-content\/uploads\/2021\/10\/jir-12-oct202110014-scaled.jpg\" alt=\"\" class=\"wp-image-1009\" srcset=\"http:\/\/domounlaplaine.re\/wp-content\/uploads\/2021\/10\/jir-12-oct202110014-scaled.jpg 2560w, http:\/\/domounlaplaine.re\/wp-content\/uploads\/2021\/10\/jir-12-oct202110014-300x215.jpg 300w\" sizes=\"auto, (max-width: 2560px) 100vw, 2560px\" \/><\/figure>\n\n\n\n<figure class=\"wp-block-image size-full\"><img loading=\"lazy\" decoding=\"async\" width=\"2560\" height=\"1803\" src=\"http:\/\/domounlaplaine.re\/wp-content\/uploads\/2021\/10\/jir-12-oct202120021-scaled.jpg\" alt=\"\" class=\"wp-image-1010\" srcset=\"http:\/\/domounlaplaine.re\/wp-content\/uploads\/2021\/10\/jir-12-oct202120021-scaled.jpg 2560w, http:\/\/domounlaplaine.re\/wp-content\/uploads\/2021\/10\/jir-12-oct202120021-300x211.jpg 300w\" sizes=\"auto, (max-width: 2560px) 100vw, 2560px\" \/><\/figure>\n\n\n\n<p><a href=\"https:\/\/www.linfo.re\/la-reunion\/societe\/eurohab-l-association-domoun-la-plaine-s-oppose-d-ores-et-deja-au-projet\">https:\/\/www.linfo.re\/la-reunion\/societe\/eurohab-l-association-domoun-la-plaine-s-oppose-d-ores-et-deja-au-projet<\/a><\/p>\n","protected":false},"excerpt":{"rendered":"<p>https:\/\/www.linfo.re\/la-reunion\/societe\/eurohab-l-association-domoun-la-plaine-s-oppose-d-ores-et-deja-au-projet<\/p>\n","protected":false},"author":1,"featured_media":0,"parent":0,"menu_order":0,"comment_status":"closed","ping_status":"closed","template":"","meta":{"footnotes":""},"class_list":["post-996","page","type-page","status-publish","hentry"],"_links":{"self":[{"href":"http:\/\/domounlaplaine.re\/index.php?rest_route=\/wp\/v2\/pages\/996","targetHints":{"allow":["GET"]}}],"collection":[{"href":"http:\/\/domounlaplaine.re\/index.php?rest_route=\/wp\/v2\/pages"}],"about":[{"href":"http:\/\/domounlaplaine.re\/index.php?rest_route=\/wp\/v2\/types\/page"}],"author":[{"embeddable":true,"href":"http:\/\/domounlaplaine.re\/index.php?rest_route=\/wp\/v2\/users\/1"}],"replies":[{"embeddable":true,"href":"http:\/\/domounlaplaine.re\/index.php?rest_route=%2Fwp%2Fv2%2Fcomments&post=996"}],"version-history":[{"count":7,"href":"http:\/\/domounlaplaine.re\/index.php?rest_route=\/wp\/v2\/pages\/996\/revisions"}],"predecessor-version":[{"id":2208,"href":"http:\/\/domounlaplaine.re\/index.php?rest_route=\/wp\/v2\/pages\/996\/revisions\/2208"}],"wp:attachment":[{"href":"http:\/\/domounlaplaine.re\/index.php?rest_route=%2Fwp%2Fv2%2Fmedia&parent=996"}],"curies":[{"name":"wp","href":"https:\/\/api.w.org\/{rel}","templated":true}]}}