{"id":994,"date":"2021-10-28T14:13:53","date_gmt":"2021-10-28T10:13:53","guid":{"rendered":"http:\/\/domounlaplaine.re\/?page_id=994"},"modified":"2025-08-29T09:49:59","modified_gmt":"2025-08-29T05:49:59","slug":"bois-court","status":"publish","type":"page","link":"http:\/\/domounlaplaine.re\/?page_id=994","title":{"rendered":"BOIS COURT"},"content":{"rendered":"\n<p><a href=\"https:\/\/www.zinfos974.com\/bois-court-un-belvedere-suspendu-sur-grand-bassin\">https:\/\/www.zinfos974.com\/bois-court-un-belvedere-suspendu-sur-grand-bassin<\/a><\/p>\n\n\n\n<div data-wp-interactive=\"core\/file\" class=\"wp-block-file\"><object data-wp-bind--hidden=\"!state.hasPdfPreview\" hidden class=\"wp-block-file__embed\" data=\"http:\/\/domounlaplaine.re\/wp-content\/uploads\/2025\/03\/6-acquisition-PAYET-Marie-Therese-Gilette-tampon.pdf\" type=\"application\/pdf\" style=\"width:100%;height:600px\" aria-label=\"Contenu embarqu\u00e9 6 - acquisition PAYET Marie Th\u00e9r\u00e8se Gilette-tampon.\"><\/object><a id=\"wp-block-file--media-c26a343c-6770-4bee-b2e9-2a6b3e54ee04\" href=\"http:\/\/domounlaplaine.re\/wp-content\/uploads\/2025\/03\/6-acquisition-PAYET-Marie-Therese-Gilette-tampon.pdf\">6 &#8211; acquisition PAYET Marie Th\u00e9r\u00e8se Gilette-tampon<\/a><a href=\"http:\/\/domounlaplaine.re\/wp-content\/uploads\/2025\/03\/6-acquisition-PAYET-Marie-Therese-Gilette-tampon.pdf\" class=\"wp-block-file__button wp-element-button\" download aria-describedby=\"wp-block-file--media-c26a343c-6770-4bee-b2e9-2a6b3e54ee04\">T\u00e9l\u00e9charger<\/a><\/div>\n\n\n\n<figure class=\"wp-block-embed is-type-video is-provider-youtube wp-block-embed-youtube wp-embed-aspect-16-9 wp-has-aspect-ratio\"><div class=\"wp-block-embed__wrapper\">\n<iframe loading=\"lazy\" title=\"bois court grand bassin\" width=\"640\" height=\"360\" src=\"https:\/\/www.youtube.com\/embed\/RDtv-DT8Rto?feature=oembed\" frameborder=\"0\" allow=\"accelerometer; autoplay; clipboard-write; encrypted-media; gyroscope; picture-in-picture; web-share\" referrerpolicy=\"strict-origin-when-cross-origin\" allowfullscreen><\/iframe>\n<\/div><\/figure>\n\n\n\n<div data-wp-interactive=\"core\/file\" class=\"wp-block-file\"><object data-wp-bind--hidden=\"!state.hasPdfPreview\" hidden class=\"wp-block-file__embed\" data=\"http:\/\/domounlaplaine.re\/wp-content\/uploads\/2024\/11\/7-wx-et-etudes-belvedere-bois-court-plan-de-financement-tampon.pdf\" type=\"application\/pdf\" style=\"width:100%;height:600px\" aria-label=\"Contenu embarqu\u00e9 7 - wx et etudes belvedere bois court - plan de financement-tampon.\"><\/object><a id=\"wp-block-file--media-504a7b97-6c65-4953-9826-9a78c3e29fd8\" href=\"http:\/\/domounlaplaine.re\/wp-content\/uploads\/2024\/11\/7-wx-et-etudes-belvedere-bois-court-plan-de-financement-tampon.pdf\">7 &#8211; wx et etudes belvedere bois court &#8211; plan de financement-tampon<\/a><a href=\"http:\/\/domounlaplaine.re\/wp-content\/uploads\/2024\/11\/7-wx-et-etudes-belvedere-bois-court-plan-de-financement-tampon.pdf\" class=\"wp-block-file__button wp-element-button\" download aria-describedby=\"wp-block-file--media-504a7b97-6c65-4953-9826-9a78c3e29fd8\">T\u00e9l\u00e9charger<\/a><\/div>\n\n\n\n<p>Ecrit par 376508 \u2013 le lundi 10 avril 2023 \u00e0 11H56<\/p>\n\n\n\n<figure class=\"wp-block-embed is-type-wp-embed is-provider-zinfos-974 wp-block-embed-zinfos-974\"><div class=\"wp-block-embed__wrapper\">\nhttps:\/\/www.zinfos974.com\/belvedere-bois-court-la-mairie-a-revu-sa-copie-et-relance-le-projet-dune-horlog\n<\/div><\/figure>\n\n\n\n<p>reportage la 1ere juin 2023 <\/p>\n\n\n\n<p><a href=\"https:\/\/la1ere.francetvinfo.fr\/reunion\/tampon\/le-site-de-bois-court-amenage-le-projet-de-telepherique-a-grand-bassin-en-reflexion-1407586.html\">https:\/\/la1ere.francetvinfo.fr\/reunion\/tampon\/le-site-de-bois-court-amenage-le-projet-de-telepherique-a-grand-bassin-en-reflexion-1407586.html<\/a><\/p>\n\n\n\n<figure class=\"wp-block-image size-large\"><img loading=\"lazy\" decoding=\"async\" width=\"1024\" height=\"765\" src=\"http:\/\/domounlaplaine.re\/wp-content\/uploads\/2021\/10\/240832809_4811776878850221_2892574900975808642_n-1024x765.jpg\" alt=\"\" class=\"wp-image-1017\" srcset=\"http:\/\/domounlaplaine.re\/wp-content\/uploads\/2021\/10\/240832809_4811776878850221_2892574900975808642_n-1024x765.jpg 1024w, http:\/\/domounlaplaine.re\/wp-content\/uploads\/2021\/10\/240832809_4811776878850221_2892574900975808642_n-300x224.jpg 300w, http:\/\/domounlaplaine.re\/wp-content\/uploads\/2021\/10\/240832809_4811776878850221_2892574900975808642_n-768x574.jpg 768w, http:\/\/domounlaplaine.re\/wp-content\/uploads\/2021\/10\/240832809_4811776878850221_2892574900975808642_n-1536x1148.jpg 1536w, http:\/\/domounlaplaine.re\/wp-content\/uploads\/2021\/10\/240832809_4811776878850221_2892574900975808642_n.jpg 1661w\" sizes=\"auto, (max-width: 1024px) 100vw, 1024px\" \/><\/figure>\n\n\n\n<div data-wp-interactive=\"core\/file\" class=\"wp-block-file\"><object data-wp-bind--hidden=\"!state.hasPdfPreview\" hidden class=\"wp-block-file__embed\" data=\"http:\/\/domounlaplaine.re\/wp-content\/uploads\/2021\/10\/avis-aulet-registre.pdf\" type=\"application\/pdf\" style=\"width:100%;height:600px\" aria-label=\"Contenu embarqu\u00e9 avis aulet registre.\"><\/object><a id=\"wp-block-file--media-17ccce30-2679-49c8-925c-f6054d07fef8\" href=\"http:\/\/domounlaplaine.re\/wp-content\/uploads\/2021\/10\/avis-aulet-registre.pdf\">avis aulet registre<\/a><a href=\"http:\/\/domounlaplaine.re\/wp-content\/uploads\/2021\/10\/avis-aulet-registre.pdf\" class=\"wp-block-file__button wp-element-button\" download aria-describedby=\"wp-block-file--media-17ccce30-2679-49c8-925c-f6054d07fef8\">T\u00e9l\u00e9charger<\/a><\/div>\n\n\n\n<div data-wp-interactive=\"core\/file\" class=\"wp-block-file\"><object data-wp-bind--hidden=\"!state.hasPdfPreview\" hidden class=\"wp-block-file__embed\" data=\"http:\/\/domounlaplaine.re\/wp-content\/uploads\/2022\/01\/ere-tampon-decembre-2021.pdf\" type=\"application\/pdf\" style=\"width:100%;height:600px\" aria-label=\"Contenu embarqu\u00e9 ere tampon decembre 2021!!!.\"><\/object><a id=\"wp-block-file--media-53f3c85f-9a7e-4533-be1e-2a2f2f5497e6\" href=\"http:\/\/domounlaplaine.re\/wp-content\/uploads\/2022\/01\/ere-tampon-decembre-2021.pdf\">ere tampon decembre 2021!!!<\/a><a href=\"http:\/\/domounlaplaine.re\/wp-content\/uploads\/2022\/01\/ere-tampon-decembre-2021.pdf\" class=\"wp-block-file__button wp-element-button\" download aria-describedby=\"wp-block-file--media-53f3c85f-9a7e-4533-be1e-2a2f2f5497e6\">T\u00e9l\u00e9charger<\/a><\/div>\n\n\n\n<figure class=\"wp-block-image size-full\"><img loading=\"lazy\" decoding=\"async\" width=\"261\" height=\"189\" src=\"http:\/\/domounlaplaine.re\/wp-content\/uploads\/2021\/10\/240877402_4807313472629895_3335139536380708329_n.jpg\" alt=\"\" class=\"wp-image-1018\"\/><\/figure>\n\n\n\n<figure class=\"wp-block-image size-full\"><img loading=\"lazy\" decoding=\"async\" width=\"261\" height=\"107\" src=\"http:\/\/domounlaplaine.re\/wp-content\/uploads\/2021\/10\/240818314_4807343775960198_5091042208509585060_n.jpg\" alt=\"\" class=\"wp-image-1016\"\/><\/figure>\n\n\n\n<figure class=\"wp-block-image size-full\"><img loading=\"lazy\" decoding=\"async\" width=\"261\" height=\"200\" src=\"http:\/\/domounlaplaine.re\/wp-content\/uploads\/2021\/10\/240898927_4807315342629708_5330920402382969685_n.jpg\" alt=\"\" class=\"wp-image-1019\"\/><\/figure>\n\n\n\n<div data-wp-interactive=\"core\/file\" class=\"wp-block-file\"><object data-wp-bind--hidden=\"!state.hasPdfPreview\" hidden class=\"wp-block-file__embed\" data=\"http:\/\/domounlaplaine.re\/wp-content\/uploads\/2021\/10\/Avis-de-participation.pdf\" type=\"application\/pdf\" style=\"width:100%;height:600px\" aria-label=\"Contenu embarqu\u00e9 Avis de participation.\"><\/object><a id=\"wp-block-file--media-bb17846b-ecf4-4892-8261-d37d839ead74\" href=\"http:\/\/domounlaplaine.re\/wp-content\/uploads\/2021\/10\/Avis-de-participation.pdf\">Avis de participation<\/a><a href=\"http:\/\/domounlaplaine.re\/wp-content\/uploads\/2021\/10\/Avis-de-participation.pdf\" class=\"wp-block-file__button wp-element-button\" download aria-describedby=\"wp-block-file--media-bb17846b-ecf4-4892-8261-d37d839ead74\">T\u00e9l\u00e9charger<\/a><\/div>\n\n\n\n<div data-wp-interactive=\"core\/file\" class=\"wp-block-file\"><object data-wp-bind--hidden=\"!state.hasPdfPreview\" hidden class=\"wp-block-file__embed\" data=\"http:\/\/domounlaplaine.re\/wp-content\/uploads\/2021\/10\/situation.pdf\" type=\"application\/pdf\" style=\"width:100%;height:600px\" aria-label=\"Contenu embarqu\u00e9 situation.\"><\/object><a id=\"wp-block-file--media-6d719124-313e-428e-b2ee-8a9ee28992d7\" href=\"http:\/\/domounlaplaine.re\/wp-content\/uploads\/2021\/10\/situation.pdf\">situation<\/a><a href=\"http:\/\/domounlaplaine.re\/wp-content\/uploads\/2021\/10\/situation.pdf\" class=\"wp-block-file__button wp-element-button\" download aria-describedby=\"wp-block-file--media-6d719124-313e-428e-b2ee-8a9ee28992d7\">T\u00e9l\u00e9charger<\/a><\/div>\n\n\n\n<div data-wp-interactive=\"core\/file\" class=\"wp-block-file\"><object data-wp-bind--hidden=\"!state.hasPdfPreview\" hidden class=\"wp-block-file__embed\" data=\"http:\/\/domounlaplaine.re\/wp-content\/uploads\/2021\/10\/PLAN-de-lexistant-et-ses-abords.pdf\" type=\"application\/pdf\" style=\"width:100%;height:600px\" aria-label=\"Contenu embarqu\u00e9 PLAN de l&apos;existant et ses abords.\"><\/object><a id=\"wp-block-file--media-1e91fe89-b611-4b31-bfed-236389293428\" href=\"http:\/\/domounlaplaine.re\/wp-content\/uploads\/2021\/10\/PLAN-de-lexistant-et-ses-abords.pdf\">PLAN de l&rsquo;existant et ses abords<\/a><a href=\"http:\/\/domounlaplaine.re\/wp-content\/uploads\/2021\/10\/PLAN-de-lexistant-et-ses-abords.pdf\" class=\"wp-block-file__button wp-element-button\" download aria-describedby=\"wp-block-file--media-1e91fe89-b611-4b31-bfed-236389293428\">T\u00e9l\u00e9charger<\/a><\/div>\n\n\n\n<div data-wp-interactive=\"core\/file\" class=\"wp-block-file\"><object data-wp-bind--hidden=\"!state.hasPdfPreview\" hidden class=\"wp-block-file__embed\" data=\"http:\/\/domounlaplaine.re\/wp-content\/uploads\/2021\/10\/PROGRAMME-DU-PA-final.pdf\" type=\"application\/pdf\" style=\"width:100%;height:600px\" aria-label=\"Contenu embarqu\u00e9 PROGRAMME DU PA final.\"><\/object><a id=\"wp-block-file--media-b48af95c-b67c-4689-888f-174fb5386be4\" href=\"http:\/\/domounlaplaine.re\/wp-content\/uploads\/2021\/10\/PROGRAMME-DU-PA-final.pdf\">PROGRAMME DU PA final<\/a><a href=\"http:\/\/domounlaplaine.re\/wp-content\/uploads\/2021\/10\/PROGRAMME-DU-PA-final.pdf\" class=\"wp-block-file__button wp-element-button\" download aria-describedby=\"wp-block-file--media-b48af95c-b67c-4689-888f-174fb5386be4\">T\u00e9l\u00e9charger<\/a><\/div>\n\n\n\n<div data-wp-interactive=\"core\/file\" class=\"wp-block-file\"><object data-wp-bind--hidden=\"!state.hasPdfPreview\" hidden class=\"wp-block-file__embed\" data=\"http:\/\/domounlaplaine.re\/wp-content\/uploads\/2021\/10\/PLAN-DE-COMPOSITION-DES-AMENAGEMENTS.pdf\" type=\"application\/pdf\" style=\"width:100%;height:600px\" aria-label=\"Contenu embarqu\u00e9 PLAN DE COMPOSITION DES AMENAGEMENTS.\"><\/object><a id=\"wp-block-file--media-c01db07b-670f-4d7b-a1e5-169734b0fccb\" href=\"http:\/\/domounlaplaine.re\/wp-content\/uploads\/2021\/10\/PLAN-DE-COMPOSITION-DES-AMENAGEMENTS.pdf\">PLAN DE COMPOSITION DES AMENAGEMENTS<\/a><a href=\"http:\/\/domounlaplaine.re\/wp-content\/uploads\/2021\/10\/PLAN-DE-COMPOSITION-DES-AMENAGEMENTS.pdf\" class=\"wp-block-file__button wp-element-button\" download aria-describedby=\"wp-block-file--media-c01db07b-670f-4d7b-a1e5-169734b0fccb\">T\u00e9l\u00e9charger<\/a><\/div>\n\n\n\n<div data-wp-interactive=\"core\/file\" class=\"wp-block-file\"><object data-wp-bind--hidden=\"!state.hasPdfPreview\" hidden class=\"wp-block-file__embed\" data=\"http:\/\/domounlaplaine.re\/wp-content\/uploads\/2021\/10\/participation-du-public-a-l-amenagement-du-belvedere-de-Grand-Bassin.pdf\" type=\"application\/pdf\" style=\"width:100%;height:600px\" aria-label=\"Contenu embarqu\u00e9 participation du public \u00e0 l-am\u00e9nagement du belvedere de Grand Bassin.\"><\/object><a id=\"wp-block-file--media-729acab2-431f-45cf-818f-a7cdb10ef651\" href=\"http:\/\/domounlaplaine.re\/wp-content\/uploads\/2021\/10\/participation-du-public-a-l-amenagement-du-belvedere-de-Grand-Bassin.pdf\">participation du public \u00e0 l-am\u00e9nagement du belvedere de Grand Bassin<\/a><a href=\"http:\/\/domounlaplaine.re\/wp-content\/uploads\/2021\/10\/participation-du-public-a-l-amenagement-du-belvedere-de-Grand-Bassin.pdf\" class=\"wp-block-file__button wp-element-button\" download aria-describedby=\"wp-block-file--media-729acab2-431f-45cf-818f-a7cdb10ef651\">T\u00e9l\u00e9charger<\/a><\/div>\n\n\n\n<div data-wp-interactive=\"core\/file\" class=\"wp-block-file\"><object data-wp-bind--hidden=\"!state.hasPdfPreview\" hidden class=\"wp-block-file__embed\" data=\"http:\/\/domounlaplaine.re\/wp-content\/uploads\/2021\/10\/PA-21D0001-Avis-de-Services.pdf\" type=\"application\/pdf\" style=\"width:100%;height:600px\" aria-label=\"Contenu embarqu\u00e9 PA 21D0001 Avis de Services.\"><\/object><a id=\"wp-block-file--media-6820aff4-3549-4af3-bf9f-a1916bbd8e1b\" href=\"http:\/\/domounlaplaine.re\/wp-content\/uploads\/2021\/10\/PA-21D0001-Avis-de-Services.pdf\">PA 21D0001 Avis de Services<\/a><a href=\"http:\/\/domounlaplaine.re\/wp-content\/uploads\/2021\/10\/PA-21D0001-Avis-de-Services.pdf\" class=\"wp-block-file__button wp-element-button\" download aria-describedby=\"wp-block-file--media-6820aff4-3549-4af3-bf9f-a1916bbd8e1b\">T\u00e9l\u00e9charger<\/a><\/div>\n\n\n\n<div data-wp-interactive=\"core\/file\" class=\"wp-block-file\"><object data-wp-bind--hidden=\"!state.hasPdfPreview\" hidden class=\"wp-block-file__embed\" data=\"http:\/\/domounlaplaine.re\/wp-content\/uploads\/2021\/10\/PA-2-notice-de\u2560ucrivant-le-terrain-et-le-projet-dame\u2560unagement..pdf\" type=\"application\/pdf\" style=\"width:100%;height:600px\" aria-label=\"Contenu embarqu\u00e9 PA 2 notice de\u2560\u00fccrivant le terrain et le projet d&apos;ame\u2560\u00fcnagement..\"><\/object><a id=\"wp-block-file--media-f8e196aa-f9f5-4fc9-97bf-bdd71562a806\" href=\"http:\/\/domounlaplaine.re\/wp-content\/uploads\/2021\/10\/PA-2-notice-de\u2560ucrivant-le-terrain-et-le-projet-dame\u2560unagement..pdf\">PA 2 notice de\u2560\u00fccrivant le terrain et le projet d&rsquo;ame\u2560\u00fcnagement.<\/a><a href=\"http:\/\/domounlaplaine.re\/wp-content\/uploads\/2021\/10\/PA-2-notice-de\u2560ucrivant-le-terrain-et-le-projet-dame\u2560unagement..pdf\" class=\"wp-block-file__button wp-element-button\" download aria-describedby=\"wp-block-file--media-f8e196aa-f9f5-4fc9-97bf-bdd71562a806\">T\u00e9l\u00e9charger<\/a><\/div>\n\n\n\n<div data-wp-interactive=\"core\/file\" class=\"wp-block-file\"><object data-wp-bind--hidden=\"!state.hasPdfPreview\" hidden class=\"wp-block-file__embed\" data=\"http:\/\/domounlaplaine.re\/wp-content\/uploads\/2021\/10\/NOTICE-du-PA.pdf\" type=\"application\/pdf\" style=\"width:100%;height:600px\" aria-label=\"Contenu embarqu\u00e9 NOTICE du PA.\"><\/object><a id=\"wp-block-file--media-654a9206-10f1-49b8-a3f0-50c67dcd8fcc\" href=\"http:\/\/domounlaplaine.re\/wp-content\/uploads\/2021\/10\/NOTICE-du-PA.pdf\">NOTICE du PA<\/a><a href=\"http:\/\/domounlaplaine.re\/wp-content\/uploads\/2021\/10\/NOTICE-du-PA.pdf\" class=\"wp-block-file__button wp-element-button\" download aria-describedby=\"wp-block-file--media-654a9206-10f1-49b8-a3f0-50c67dcd8fcc\">T\u00e9l\u00e9charger<\/a><\/div>\n\n\n\n<p> 10 nov 2021 suppl\u00e9ment quotidien ville du tampon  <\/p>\n\n\n\n<div data-wp-interactive=\"core\/file\" class=\"wp-block-file\"><object data-wp-bind--hidden=\"!state.hasPdfPreview\" hidden class=\"wp-block-file__embed\" data=\"http:\/\/domounlaplaine.re\/wp-content\/uploads\/2021\/11\/quotidien-supl-tampon-10-nov-2021.pdf\" type=\"application\/pdf\" style=\"width:100%;height:600px\" aria-label=\"Contenu embarqu\u00e9 quotidien supl tampon 10 nov 2021.\"><\/object><a id=\"wp-block-file--media-8de0e78b-f887-4a1d-b0cd-3285204fba97\" href=\"http:\/\/domounlaplaine.re\/wp-content\/uploads\/2021\/11\/quotidien-supl-tampon-10-nov-2021.pdf\">quotidien supl tampon 10 nov 2021<\/a><a href=\"http:\/\/domounlaplaine.re\/wp-content\/uploads\/2021\/11\/quotidien-supl-tampon-10-nov-2021.pdf\" class=\"wp-block-file__button wp-element-button\" download aria-describedby=\"wp-block-file--media-8de0e78b-f887-4a1d-b0cd-3285204fba97\">T\u00e9l\u00e9charger<\/a><\/div>\n\n\n\n<p>Une \u00e9valuation environnementale a \u00e9t\u00e9 requise par arr\u00eat\u00e9 pr\u00e9fectoral n\u00b0 2018-553\/SG\/DRECV du<br>6 avril 2018. Cette \u00e9valuation est soumise \u00e0 l\u2019avis de l\u2019autorit\u00e9 comp\u00e9tente en mati\u00e8re<br>d\u2019environnement conform\u00e9ment aux articles R.122-6 et suivants dudit code.<br>Il est \u00e0 noter que des travaux d\u2019extraction et de fa\u00e7onnage de mat\u00e9riaux ont \u00e9t\u00e9 constat\u00e9s en<br>mars 2018 par le service en charge de l\u2019inspection des installations class\u00e9es de la DEAL. En<br>l\u2019absence d\u2019autorisation pr\u00e9fectorale accord\u00e9e pr\u00e9alablement au d\u00e9marrage de ces travaux, deux<br>arr\u00eat\u00e9s pr\u00e9fectoraux de mise en demeure ont \u00e9t\u00e9 sign\u00e9s le 9 ao\u00fbt 2018 demandant \u00e0 la mairie du<br>Tampon de r\u00e9gulariser la situation administrative des installations d\u2019extraction des mat\u00e9riaux<br>min\u00e9raux d\u2019une part, et de stockage de d\u00e9chets inertes d\u2019autre part. Plusieurs demandes de<br>permis d\u2019am\u00e9nager ont \u00e9t\u00e9 d\u00e9pos\u00e9es entre 2018 et 2020, mais celles-ci n\u2019ont pas pu aboutir car<br>jug\u00e9es non recevables par le guichet unique de la pr\u00e9fecture. La derni\u00e8re d\u00e9pos\u00e9e le 4 mai 2021<br>par la mairie du Tampon, a finalement \u00e9t\u00e9 jug\u00e9 complet et r\u00e9gulier le 20 mai dernier par le pr\u00e9fet.<\/p>\n\n\n\n<div data-wp-interactive=\"core\/file\" class=\"wp-block-file\"><object data-wp-bind--hidden=\"!state.hasPdfPreview\" hidden class=\"wp-block-file__embed\" data=\"http:\/\/domounlaplaine.re\/wp-content\/uploads\/2022\/01\/avi_2021apreu9_bbc_tampon_vd.pdf\" type=\"application\/pdf\" style=\"width:100%;height:600px\" aria-label=\"Contenu embarqu\u00e9 avi_2021apreu9_bbc_tampon_vd.\"><\/object><a id=\"wp-block-file--media-4eed8f4a-efd5-4712-8a0c-a2ee78f100d0\" href=\"http:\/\/domounlaplaine.re\/wp-content\/uploads\/2022\/01\/avi_2021apreu9_bbc_tampon_vd.pdf\">avi_2021apreu9_bbc_tampon_vd<\/a><a href=\"http:\/\/domounlaplaine.re\/wp-content\/uploads\/2022\/01\/avi_2021apreu9_bbc_tampon_vd.pdf\" class=\"wp-block-file__button wp-element-button\" download aria-describedby=\"wp-block-file--media-4eed8f4a-efd5-4712-8a0c-a2ee78f100d0\">T\u00e9l\u00e9charger<\/a><\/div>\n\n\n\n<div data-wp-interactive=\"core\/file\" class=\"wp-block-file\"><object data-wp-bind--hidden=\"!state.hasPdfPreview\" hidden class=\"wp-block-file__embed\" data=\"http:\/\/domounlaplaine.re\/wp-content\/uploads\/2022\/02\/bois-court-mairie-dec-2021.pdf\" type=\"application\/pdf\" style=\"width:100%;height:600px\" aria-label=\"Contenu embarqu\u00e9 bois court mairie dec 2021.\"><\/object><a id=\"wp-block-file--media-ea30ead8-f9a0-49f5-acc4-aa352558a6a1\" href=\"http:\/\/domounlaplaine.re\/wp-content\/uploads\/2022\/02\/bois-court-mairie-dec-2021.pdf\">bois court mairie dec 2021<\/a><a href=\"http:\/\/domounlaplaine.re\/wp-content\/uploads\/2022\/02\/bois-court-mairie-dec-2021.pdf\" class=\"wp-block-file__button wp-element-button\" download aria-describedby=\"wp-block-file--media-ea30ead8-f9a0-49f5-acc4-aa352558a6a1\">T\u00e9l\u00e9charger<\/a><\/div>\n\n\n\n<figure class=\"wp-block-image size-full\"><img loading=\"lazy\" decoding=\"async\" width=\"526\" height=\"935\" src=\"http:\/\/domounlaplaine.re\/wp-content\/uploads\/2022\/06\/panneau-travaux.jpg\" alt=\"\" class=\"wp-image-2217\" srcset=\"http:\/\/domounlaplaine.re\/wp-content\/uploads\/2022\/06\/panneau-travaux.jpg 526w, http:\/\/domounlaplaine.re\/wp-content\/uploads\/2022\/06\/panneau-travaux-169x300.jpg 169w\" sizes=\"auto, (max-width: 526px) 100vw, 526px\" \/><\/figure>\n\n\n\n<p>TRAVAUX 27 JUILLET 2022<\/p>\n\n\n\n<figure class=\"wp-block-image size-large\"><img loading=\"lazy\" decoding=\"async\" width=\"1024\" height=\"576\" src=\"http:\/\/domounlaplaine.re\/wp-content\/uploads\/2022\/07\/296172904_5881919275169304_3743403865445632087_n-1024x576.jpg\" alt=\"\" class=\"wp-image-2264\" srcset=\"http:\/\/domounlaplaine.re\/wp-content\/uploads\/2022\/07\/296172904_5881919275169304_3743403865445632087_n-1024x576.jpg 1024w, http:\/\/domounlaplaine.re\/wp-content\/uploads\/2022\/07\/296172904_5881919275169304_3743403865445632087_n-300x169.jpg 300w, http:\/\/domounlaplaine.re\/wp-content\/uploads\/2022\/07\/296172904_5881919275169304_3743403865445632087_n-768x432.jpg 768w, http:\/\/domounlaplaine.re\/wp-content\/uploads\/2022\/07\/296172904_5881919275169304_3743403865445632087_n-1536x864.jpg 1536w, http:\/\/domounlaplaine.re\/wp-content\/uploads\/2022\/07\/296172904_5881919275169304_3743403865445632087_n.jpg 2048w\" sizes=\"auto, (max-width: 1024px) 100vw, 1024px\" \/><\/figure>\n\n\n\n<figure class=\"wp-block-image size-full\"><img loading=\"lazy\" decoding=\"async\" width=\"600\" height=\"338\" src=\"http:\/\/domounlaplaine.re\/wp-content\/uploads\/2022\/07\/296193978_5881919311835967_7928328809813608484_n.jpg\" alt=\"\" class=\"wp-image-2266\" srcset=\"http:\/\/domounlaplaine.re\/wp-content\/uploads\/2022\/07\/296193978_5881919311835967_7928328809813608484_n.jpg 600w, http:\/\/domounlaplaine.re\/wp-content\/uploads\/2022\/07\/296193978_5881919311835967_7928328809813608484_n-300x169.jpg 300w\" sizes=\"auto, (max-width: 600px) 100vw, 600px\" \/><\/figure>\n\n\n\n<figure class=\"wp-block-image size-full\"><img loading=\"lazy\" decoding=\"async\" width=\"600\" height=\"338\" src=\"http:\/\/domounlaplaine.re\/wp-content\/uploads\/2022\/07\/296188509_5881919048502660_5846219817239469836_n.jpg\" alt=\"\" class=\"wp-image-2265\" srcset=\"http:\/\/domounlaplaine.re\/wp-content\/uploads\/2022\/07\/296188509_5881919048502660_5846219817239469836_n.jpg 600w, http:\/\/domounlaplaine.re\/wp-content\/uploads\/2022\/07\/296188509_5881919048502660_5846219817239469836_n-300x169.jpg 300w\" sizes=\"auto, (max-width: 600px) 100vw, 600px\" \/><\/figure>\n\n\n\n<div class=\"wp-block-file\"><a href=\"http:\/\/domounlaplaine.re\/wp-content\/uploads\/2022\/07\/296172904_5881919275169304_3743403865445632087_n.jpg\" class=\"wp-block-file__button wp-element-button\" download>janvier 2023<\/a><\/div>\n\n\n\n\n\n<figure class=\"wp-block-image size-large\"><img loading=\"lazy\" decoding=\"async\" width=\"1024\" height=\"576\" src=\"http:\/\/domounlaplaine.re\/wp-content\/uploads\/2023\/01\/20230111_103736-2-1024x576.jpg\" alt=\"\" class=\"wp-image-2528\" srcset=\"http:\/\/domounlaplaine.re\/wp-content\/uploads\/2023\/01\/20230111_103736-2-1024x576.jpg 1024w, http:\/\/domounlaplaine.re\/wp-content\/uploads\/2023\/01\/20230111_103736-2-300x169.jpg 300w, http:\/\/domounlaplaine.re\/wp-content\/uploads\/2023\/01\/20230111_103736-2-768x432.jpg 768w, http:\/\/domounlaplaine.re\/wp-content\/uploads\/2023\/01\/20230111_103736-2-1536x864.jpg 1536w, http:\/\/domounlaplaine.re\/wp-content\/uploads\/2023\/01\/20230111_103736-2-2048x1153.jpg 2048w\" sizes=\"auto, (max-width: 1024px) 100vw, 1024px\" \/><\/figure>\n\n\n\n<figure class=\"wp-block-image size-large\"><img loading=\"lazy\" decoding=\"async\" width=\"1024\" height=\"576\" src=\"http:\/\/domounlaplaine.re\/wp-content\/uploads\/2023\/01\/20230111_102654-1-1024x576.jpg\" alt=\"\" class=\"wp-image-2527\" srcset=\"http:\/\/domounlaplaine.re\/wp-content\/uploads\/2023\/01\/20230111_102654-1-1024x576.jpg 1024w, http:\/\/domounlaplaine.re\/wp-content\/uploads\/2023\/01\/20230111_102654-1-300x169.jpg 300w, http:\/\/domounlaplaine.re\/wp-content\/uploads\/2023\/01\/20230111_102654-1-768x432.jpg 768w, http:\/\/domounlaplaine.re\/wp-content\/uploads\/2023\/01\/20230111_102654-1-1536x864.jpg 1536w, http:\/\/domounlaplaine.re\/wp-content\/uploads\/2023\/01\/20230111_102654-1-2048x1153.jpg 2048w\" sizes=\"auto, (max-width: 1024px) 100vw, 1024px\" \/><\/figure>\n\n\n\n<figure class=\"wp-block-image size-large\"><img loading=\"lazy\" decoding=\"async\" width=\"576\" height=\"1024\" src=\"http:\/\/domounlaplaine.re\/wp-content\/uploads\/2023\/01\/20230111_102641-576x1024.jpg\" alt=\"\" class=\"wp-image-2525\" srcset=\"http:\/\/domounlaplaine.re\/wp-content\/uploads\/2023\/01\/20230111_102641-576x1024.jpg 576w, http:\/\/domounlaplaine.re\/wp-content\/uploads\/2023\/01\/20230111_102641-169x300.jpg 169w, http:\/\/domounlaplaine.re\/wp-content\/uploads\/2023\/01\/20230111_102641-768x1365.jpg 768w, http:\/\/domounlaplaine.re\/wp-content\/uploads\/2023\/01\/20230111_102641-864x1536.jpg 864w, http:\/\/domounlaplaine.re\/wp-content\/uploads\/2023\/01\/20230111_102641-1153x2048.jpg 1153w, http:\/\/domounlaplaine.re\/wp-content\/uploads\/2023\/01\/20230111_102641-scaled.jpg 1441w\" sizes=\"auto, (max-width: 576px) 100vw, 576px\" \/><\/figure>\n","protected":false},"excerpt":{"rendered":"<p>https:\/\/www.zinfos974.com\/bois-court-un-belvedere-suspendu-sur-grand-bassin Ecrit par 376508 \u2013 le lundi 10 avril 2023 \u00e0 11H56 reportage la 1ere juin 2023 https:\/\/la1ere.francetvinfo.fr\/reunion\/tampon\/le-site-de-bois-court-amenage-le-projet-de-telepherique-a-grand-bassin-en-reflexion-1407586.html 10 nov 2021 suppl\u00e9ment quotidien ville du tampon Une \u00e9valuation environnementale a \u00e9t\u00e9 requise par arr\u00eat\u00e9 pr\u00e9fectoral n\u00b0 2018-553\/SG\/DRECV du6 avril 2018. Cette \u00e9valuation est soumise \u00e0 l\u2019avis de l\u2019autorit\u00e9 comp\u00e9tente en mati\u00e8red\u2019environnement conform\u00e9ment aux articles R.122-6 [&hellip;]<\/p>\n","protected":false},"author":1,"featured_media":0,"parent":0,"menu_order":0,"comment_status":"closed","ping_status":"closed","template":"","meta":{"footnotes":""},"class_list":["post-994","page","type-page","status-publish","hentry"],"_links":{"self":[{"href":"http:\/\/domounlaplaine.re\/index.php?rest_route=\/wp\/v2\/pages\/994","targetHints":{"allow":["GET"]}}],"collection":[{"href":"http:\/\/domounlaplaine.re\/index.php?rest_route=\/wp\/v2\/pages"}],"about":[{"href":"http:\/\/domounlaplaine.re\/index.php?rest_route=\/wp\/v2\/types\/page"}],"author":[{"embeddable":true,"href":"http:\/\/domounlaplaine.re\/index.php?rest_route=\/wp\/v2\/users\/1"}],"replies":[{"embeddable":true,"href":"http:\/\/domounlaplaine.re\/index.php?rest_route=%2Fwp%2Fv2%2Fcomments&post=994"}],"version-history":[{"count":20,"href":"http:\/\/domounlaplaine.re\/index.php?rest_route=\/wp\/v2\/pages\/994\/revisions"}],"predecessor-version":[{"id":3330,"href":"http:\/\/domounlaplaine.re\/index.php?rest_route=\/wp\/v2\/pages\/994\/revisions\/3330"}],"wp:attachment":[{"href":"http:\/\/domounlaplaine.re\/index.php?rest_route=%2Fwp%2Fv2%2Fmedia&parent=994"}],"curies":[{"name":"wp","href":"https:\/\/api.w.org\/{rel}","templated":true}]}}