{"id":949,"date":"2021-10-27T08:19:27","date_gmt":"2021-10-27T04:19:27","guid":{"rendered":"http:\/\/domounlaplaine.re\/?page_id=949"},"modified":"2025-07-15T09:19:23","modified_gmt":"2025-07-15T05:19:23","slug":"actualites","status":"publish","type":"page","link":"http:\/\/domounlaplaine.re\/?page_id=949","title":{"rendered":"actualit\u00e9s"},"content":{"rendered":"\n<div data-wp-interactive=\"core\/file\" class=\"wp-block-file\"><object data-wp-bind--hidden=\"!state.hasPdfPreview\" hidden class=\"wp-block-file__embed\" data=\"http:\/\/domounlaplaine.re\/wp-content\/uploads\/2025\/06\/2025apreu4_voie_urbaine_du_tampon_publiable_mrae.pdf\" type=\"application\/pdf\" style=\"width:100%;height:600px\" aria-label=\"Contenu embarqu\u00e9 2025apreu4_voie_urbaine_du_tampon_publiable_mrae.\"><\/object><a id=\"wp-block-file--media-1d6ebdef-a7ec-4a14-85fb-f8598c022684\" href=\"http:\/\/domounlaplaine.re\/wp-content\/uploads\/2025\/06\/2025apreu4_voie_urbaine_du_tampon_publiable_mrae.pdf\">2025apreu4_voie_urbaine_du_tampon_publiable_mrae<\/a><a href=\"http:\/\/domounlaplaine.re\/wp-content\/uploads\/2025\/06\/2025apreu4_voie_urbaine_du_tampon_publiable_mrae.pdf\" class=\"wp-block-file__button wp-element-button\" download aria-describedby=\"wp-block-file--media-1d6ebdef-a7ec-4a14-85fb-f8598c022684\">T\u00e9l\u00e9charger<\/a><\/div>\n\n\n\n<div data-wp-interactive=\"core\/file\" class=\"wp-block-file\"><object data-wp-bind--hidden=\"!state.hasPdfPreview\" hidden class=\"wp-block-file__embed\" data=\"http:\/\/domounlaplaine.re\/wp-content\/uploads\/2025\/07\/arrete-enquete-publique-Ap-2025-1154-du-7.07.25.pdf\" type=\"application\/pdf\" style=\"width:100%;height:600px\" aria-label=\"Contenu embarqu\u00e9 arrete enquete publique Ap 2025-1154 du 7.07.25.\"><\/object><a id=\"wp-block-file--media-c48d6204-d2f0-44c1-905f-680c160087d0\" href=\"http:\/\/domounlaplaine.re\/wp-content\/uploads\/2025\/07\/arrete-enquete-publique-Ap-2025-1154-du-7.07.25.pdf\">arrete enquete publique Ap 2025-1154 du 7.07.25<\/a><a href=\"http:\/\/domounlaplaine.re\/wp-content\/uploads\/2025\/07\/arrete-enquete-publique-Ap-2025-1154-du-7.07.25.pdf\" class=\"wp-block-file__button wp-element-button\" download aria-describedby=\"wp-block-file--media-c48d6204-d2f0-44c1-905f-680c160087d0\">T\u00e9l\u00e9charger<\/a><\/div>\n\n\n\n<div data-wp-interactive=\"core\/file\" class=\"wp-block-file\"><object data-wp-bind--hidden=\"!state.hasPdfPreview\" hidden class=\"wp-block-file__embed\" data=\"http:\/\/domounlaplaine.re\/wp-content\/uploads\/2025\/07\/Avis-au-public-enquete-publique-juin-2025.pdf\" type=\"application\/pdf\" style=\"width:100%;height:600px\" aria-label=\"Contenu embarqu\u00e9 Avis au public enquete publique juin 2025.\"><\/object><a id=\"wp-block-file--media-13ef8224-b467-4295-867d-eb6fb38135b6\" href=\"http:\/\/domounlaplaine.re\/wp-content\/uploads\/2025\/07\/Avis-au-public-enquete-publique-juin-2025.pdf\">Avis au public enquete publique juin 2025<\/a><a href=\"http:\/\/domounlaplaine.re\/wp-content\/uploads\/2025\/07\/Avis-au-public-enquete-publique-juin-2025.pdf\" class=\"wp-block-file__button wp-element-button\" download aria-describedby=\"wp-block-file--media-13ef8224-b467-4295-867d-eb6fb38135b6\">T\u00e9l\u00e9charger<\/a><\/div>\n\n\n\n<figure class=\"wp-block-image size-large\"><img loading=\"lazy\" decoding=\"async\" width=\"576\" height=\"1024\" src=\"http:\/\/domounlaplaine.re\/wp-content\/uploads\/2025\/07\/journal-quotidien-10-juillet-2025-576x1024.jpg\" alt=\"\" class=\"wp-image-3283\" srcset=\"http:\/\/domounlaplaine.re\/wp-content\/uploads\/2025\/07\/journal-quotidien-10-juillet-2025-576x1024.jpg 576w, http:\/\/domounlaplaine.re\/wp-content\/uploads\/2025\/07\/journal-quotidien-10-juillet-2025-169x300.jpg 169w, http:\/\/domounlaplaine.re\/wp-content\/uploads\/2025\/07\/journal-quotidien-10-juillet-2025-768x1365.jpg 768w, http:\/\/domounlaplaine.re\/wp-content\/uploads\/2025\/07\/journal-quotidien-10-juillet-2025-864x1536.jpg 864w, http:\/\/domounlaplaine.re\/wp-content\/uploads\/2025\/07\/journal-quotidien-10-juillet-2025.jpg 1080w\" sizes=\"auto, (max-width: 576px) 100vw, 576px\" \/><\/figure>\n\n\n\n<div data-wp-interactive=\"core\/file\" class=\"wp-block-file\"><object data-wp-bind--hidden=\"!state.hasPdfPreview\" hidden class=\"wp-block-file__embed\" data=\"http:\/\/domounlaplaine.re\/wp-content\/uploads\/2023\/01\/cdpenaf-26-janvier-2023.pdf\" type=\"application\/pdf\" style=\"width:100%;height:600px\" aria-label=\"Contenu embarqu\u00e9 cdpenaf 26 janvier 2023.\"><\/object><a id=\"wp-block-file--media-67cd6547-4ede-409c-896a-eeb099e2701f\" href=\"http:\/\/domounlaplaine.re\/wp-content\/uploads\/2023\/01\/cdpenaf-26-janvier-2023.pdf\">cdpenaf 26 janvier 2023<\/a><a href=\"http:\/\/domounlaplaine.re\/wp-content\/uploads\/2023\/01\/cdpenaf-26-janvier-2023.pdf\" class=\"wp-block-file__button wp-element-button\" download aria-describedby=\"wp-block-file--media-67cd6547-4ede-409c-896a-eeb099e2701f\">T\u00e9l\u00e9charger<\/a><\/div>\n\n\n\n<figure class=\"wp-block-embed is-type-video is-provider-youtube wp-block-embed-youtube wp-embed-aspect-16-9 wp-has-aspect-ratio\"><div class=\"wp-block-embed__wrapper\">\n<iframe loading=\"lazy\" title=\"cdpenaf tyroliennes\" width=\"640\" height=\"360\" src=\"https:\/\/www.youtube.com\/embed\/_v_CSIG6t3c?feature=oembed\" frameborder=\"0\" allow=\"accelerometer; autoplay; clipboard-write; encrypted-media; gyroscope; picture-in-picture; web-share\" referrerpolicy=\"strict-origin-when-cross-origin\" allowfullscreen><\/iframe>\n<\/div><\/figure>\n\n\n\n<div class=\"wp-block-file\"><a id=\"wp-block-file--media-9fa9cc87-6a1f-4d5e-ae6c-583e14de068e\" href=\"http:\/\/domounlaplaine.re\/wp-content\/uploads\/2022\/06\/QUOTIDIEN-15-MAI-2022-MAIRIE.jpg\">QUOTIDIEN 15 MAI 2022 MAIRIE<\/a><a href=\"http:\/\/domounlaplaine.re\/wp-content\/uploads\/2022\/06\/QUOTIDIEN-15-MAI-2022-MAIRIE.jpg\" class=\"wp-block-file__button wp-element-button\" download aria-describedby=\"wp-block-file--media-9fa9cc87-6a1f-4d5e-ae6c-583e14de068e\">T\u00e9l\u00e9charger<\/a><\/div>\n\n\n\n<div class=\"wp-block-file\"><a id=\"wp-block-file--media-a71f46be-3caa-4250-8777-5988c1171b45\" href=\"http:\/\/domounlaplaine.re\/wp-content\/uploads\/2022\/06\/287747434_5169843266430922_2578717029352681608_n.jpg\">287747434_5169843266430922_2578717029352681608_n<\/a><a href=\"http:\/\/domounlaplaine.re\/wp-content\/uploads\/2022\/06\/287747434_5169843266430922_2578717029352681608_n.jpg\" class=\"wp-block-file__button wp-element-button\" download aria-describedby=\"wp-block-file--media-a71f46be-3caa-4250-8777-5988c1171b45\">T\u00e9l\u00e9charger<\/a><\/div>\n\n\n\n<figure class=\"wp-block-image size-large\"><img loading=\"lazy\" decoding=\"async\" width=\"594\" height=\"1024\" src=\"http:\/\/domounlaplaine.re\/wp-content\/uploads\/2022\/06\/QUOTIDIEN-15-MAI-2022-MAIRIE-594x1024.jpg\" alt=\"\" class=\"wp-image-2115\" srcset=\"http:\/\/domounlaplaine.re\/wp-content\/uploads\/2022\/06\/QUOTIDIEN-15-MAI-2022-MAIRIE-594x1024.jpg 594w, http:\/\/domounlaplaine.re\/wp-content\/uploads\/2022\/06\/QUOTIDIEN-15-MAI-2022-MAIRIE-174x300.jpg 174w, http:\/\/domounlaplaine.re\/wp-content\/uploads\/2022\/06\/QUOTIDIEN-15-MAI-2022-MAIRIE.jpg 743w\" sizes=\"auto, (max-width: 594px) 100vw, 594px\" \/><\/figure>\n\n\n\n<p>prochain rassemblement de l&rsquo;association le dimanche 23 janvier de 8 h \u00e0 12 h au champ de foire bourg murat<\/p>\n\n\n\n<figure class=\"wp-block-image size-full\"><img loading=\"lazy\" decoding=\"async\" width=\"960\" height=\"540\" src=\"http:\/\/domounlaplaine.re\/wp-content\/uploads\/2022\/01\/271299845_5243397709021467_5604164392981367363_n.jpg\" alt=\"\" class=\"wp-image-1573\" srcset=\"http:\/\/domounlaplaine.re\/wp-content\/uploads\/2022\/01\/271299845_5243397709021467_5604164392981367363_n.jpg 960w, http:\/\/domounlaplaine.re\/wp-content\/uploads\/2022\/01\/271299845_5243397709021467_5604164392981367363_n-300x169.jpg 300w, http:\/\/domounlaplaine.re\/wp-content\/uploads\/2022\/01\/271299845_5243397709021467_5604164392981367363_n-768x432.jpg 768w\" sizes=\"auto, (max-width: 960px) 100vw, 960px\" \/><\/figure>\n\n\n\n<p>prochaine r\u00e9union le mercredi 5 janvier 2022 chez la famille Laporte<\/p>\n\n\n\n<figure class=\"wp-block-image size-large\"><img loading=\"lazy\" decoding=\"async\" width=\"1024\" height=\"619\" src=\"http:\/\/domounlaplaine.re\/wp-content\/uploads\/2021\/12\/topaze-1024x619.jpg\" alt=\"\" class=\"wp-image-1510\" srcset=\"http:\/\/domounlaplaine.re\/wp-content\/uploads\/2021\/12\/topaze-1024x619.jpg 1024w, http:\/\/domounlaplaine.re\/wp-content\/uploads\/2021\/12\/topaze-300x181.jpg 300w, http:\/\/domounlaplaine.re\/wp-content\/uploads\/2021\/12\/topaze-768x464.jpg 768w, http:\/\/domounlaplaine.re\/wp-content\/uploads\/2021\/12\/topaze-240x145.jpg 240w, http:\/\/domounlaplaine.re\/wp-content\/uploads\/2021\/12\/topaze.jpg 1046w\" sizes=\"auto, (max-width: 1024px) 100vw, 1024px\" \/><\/figure>\n\n\n\n<figure class=\"wp-block-image size-large\"><img loading=\"lazy\" decoding=\"async\" width=\"1024\" height=\"461\" src=\"http:\/\/domounlaplaine.re\/wp-content\/uploads\/2021\/10\/250023831_265330958939037_8055371048692342017_n-1024x461.jpg\" alt=\"\" class=\"wp-image-964\" srcset=\"http:\/\/domounlaplaine.re\/wp-content\/uploads\/2021\/10\/250023831_265330958939037_8055371048692342017_n-1024x461.jpg 1024w, http:\/\/domounlaplaine.re\/wp-content\/uploads\/2021\/10\/250023831_265330958939037_8055371048692342017_n-300x135.jpg 300w, http:\/\/domounlaplaine.re\/wp-content\/uploads\/2021\/10\/250023831_265330958939037_8055371048692342017_n-768x346.jpg 768w, http:\/\/domounlaplaine.re\/wp-content\/uploads\/2021\/10\/250023831_265330958939037_8055371048692342017_n.jpg 1422w\" sizes=\"auto, (max-width: 1024px) 100vw, 1024px\" \/><\/figure>\n\n\n\n<p>vvous pouvez adh\u00e9rer \u00e0 notre association sur internet:<\/p>\n\n\n\n<p><a href=\"https:\/\/www.helloasso.com\/associations\/domoun-la-plaine\/adhesions\/adhesion-domoun-la-plaine\">https:\/\/www.helloasso.com\/associations\/domoun-la-plaine\/adhesions\/adhesion-domoun-la-plaine<\/a><\/p>\n\n\n\n<p><strong>26 nov visio conf\u00e9rence SREPEN<\/strong><\/p>\n\n\n\n<figure class=\"wp-block-image size-full\"><img loading=\"lazy\" decoding=\"async\" width=\"443\" height=\"173\" src=\"http:\/\/domounlaplaine.re\/wp-content\/uploads\/2021\/11\/SREPEN-LOGO-COULEUR.png\" alt=\"\" class=\"wp-image-1389\" srcset=\"http:\/\/domounlaplaine.re\/wp-content\/uploads\/2021\/11\/SREPEN-LOGO-COULEUR.png 443w, http:\/\/domounlaplaine.re\/wp-content\/uploads\/2021\/11\/SREPEN-LOGO-COULEUR-300x117.png 300w\" sizes=\"auto, (max-width: 443px) 100vw, 443px\" \/><\/figure>\n\n\n\n<div data-wp-interactive=\"core\/file\" class=\"wp-block-file\"><object data-wp-bind--hidden=\"!state.hasPdfPreview\" hidden class=\"wp-block-file__embed\" data=\"http:\/\/domounlaplaine.re\/wp-content\/uploads\/2021\/12\/flyer-final.pdf\" type=\"application\/pdf\" style=\"width:100%;height:600px\" aria-label=\"Contenu embarqu\u00e9 flyer final.\"><\/object><a id=\"wp-block-file--media-9397c00c-0290-4db3-b740-b7e1674d1f04\" href=\"http:\/\/domounlaplaine.re\/wp-content\/uploads\/2021\/12\/flyer-final.pdf\">flyer final<\/a><a href=\"http:\/\/domounlaplaine.re\/wp-content\/uploads\/2021\/12\/flyer-final.pdf\" class=\"wp-block-file__button wp-element-button\" download aria-describedby=\"wp-block-file--media-9397c00c-0290-4db3-b740-b7e1674d1f04\">T\u00e9l\u00e9charger<\/a><\/div>\n","protected":false},"excerpt":{"rendered":"<p>prochain rassemblement de l&rsquo;association le dimanche 23 janvier de 8 h \u00e0 12 h au champ de foire bourg murat prochaine r\u00e9union le mercredi 5 janvier 2022 chez la famille Laporte vvous pouvez adh\u00e9rer \u00e0 notre association sur internet: https:\/\/www.helloasso.com\/associations\/domoun-la-plaine\/adhesions\/adhesion-domoun-la-plaine 26 nov visio conf\u00e9rence SREPEN<\/p>\n","protected":false},"author":1,"featured_media":0,"parent":0,"menu_order":0,"comment_status":"closed","ping_status":"closed","template":"","meta":{"footnotes":""},"class_list":["post-949","page","type-page","status-publish","hentry"],"_links":{"self":[{"href":"http:\/\/domounlaplaine.re\/index.php?rest_route=\/wp\/v2\/pages\/949","targetHints":{"allow":["GET"]}}],"collection":[{"href":"http:\/\/domounlaplaine.re\/index.php?rest_route=\/wp\/v2\/pages"}],"about":[{"href":"http:\/\/domounlaplaine.re\/index.php?rest_route=\/wp\/v2\/types\/page"}],"author":[{"embeddable":true,"href":"http:\/\/domounlaplaine.re\/index.php?rest_route=\/wp\/v2\/users\/1"}],"replies":[{"embeddable":true,"href":"http:\/\/domounlaplaine.re\/index.php?rest_route=%2Fwp%2Fv2%2Fcomments&post=949"}],"version-history":[{"count":21,"href":"http:\/\/domounlaplaine.re\/index.php?rest_route=\/wp\/v2\/pages\/949\/revisions"}],"predecessor-version":[{"id":3289,"href":"http:\/\/domounlaplaine.re\/index.php?rest_route=\/wp\/v2\/pages\/949\/revisions\/3289"}],"wp:attachment":[{"href":"http:\/\/domounlaplaine.re\/index.php?rest_route=%2Fwp%2Fv2%2Fmedia&parent=949"}],"curies":[{"name":"wp","href":"https:\/\/api.w.org\/{rel}","templated":true}]}}