{"id":2607,"date":"2023-02-27T12:55:04","date_gmt":"2023-02-27T08:55:04","guid":{"rendered":"http:\/\/domounlaplaine.re\/?page_id=2607"},"modified":"2026-04-25T10:47:48","modified_gmt":"2026-04-25T06:47:48","slug":"geothermie","status":"publish","type":"page","link":"http:\/\/domounlaplaine.re\/?page_id=2607","title":{"rendered":"GEOTHERMIE"},"content":{"rendered":"\n<p><a href=\"https:\/\/www.zinfos974.com\/feu-vert-de-letat-pour-la-geothermie-a-la-reunion-engie-obtient-son-permis-pour-faire-des-recherches-entre-le-tampon-et-la-plaine-des-palmistes\/?utm_id=97758_v0_s00_e0_tv0\">Feu vert de l\u2019\u00c9tat pour la g\u00e9othermie \u00e0 La R\u00e9union : Engie obtient son permis pour faire des recherches entre Le Tampon et La Plaine-des-Palmistes<\/a><\/p>\n\n\n\n<p><\/p>\n\n\n\n<p><a href=\"https:\/\/www.clicanoo.re\/article\/societe\/2025\/12\/15\/on-compare-des-choux-et-des-carottes-la-casud-denonce-un-suppose-favoritisme-de-letat-sur-un-projet-de-forage-a-la-plaine-des-palmistes#hyvor-talk-view\">https:\/\/www.clicanoo.re\/article\/societe\/2025\/12\/15\/on-compare-des-choux-et-des-carottes-la-casud-denonce-un-suppose-favoritisme-de-letat-sur-un-projet-de-forage-a-la-plaine-des-palmistes#hyvor-talk-view<\/a><\/p>\n\n\n\n<div data-wp-interactive=\"core\/file\" class=\"wp-block-file\"><object data-wp-bind--hidden=\"!state.hasPdfPreview\" hidden class=\"wp-block-file__embed\" data=\"http:\/\/domounlaplaine.re\/wp-content\/uploads\/2025\/12\/2025-10-27-carTE-6e4a6981.pdf\" type=\"application\/pdf\" style=\"width:100%;height:600px\" aria-label=\"Contenu embarqu\u00e9 2025-10-27-carTE-6e4a6981.\"><\/object><a id=\"wp-block-file--media-adf9a274-d766-4ad4-81ba-26fb92723af6\" href=\"http:\/\/domounlaplaine.re\/wp-content\/uploads\/2025\/12\/2025-10-27-carTE-6e4a6981.pdf\">2025-10-27-carTE-6e4a6981<\/a><a href=\"http:\/\/domounlaplaine.re\/wp-content\/uploads\/2025\/12\/2025-10-27-carTE-6e4a6981.pdf\" class=\"wp-block-file__button wp-element-button\" download aria-describedby=\"wp-block-file--media-adf9a274-d766-4ad4-81ba-26fb92723af6\">T\u00e9l\u00e9charger<\/a><\/div>\n\n\n\n<div data-wp-interactive=\"core\/file\" class=\"wp-block-file\"><object data-wp-bind--hidden=\"!state.hasPdfPreview\" hidden class=\"wp-block-file__embed\" data=\"http:\/\/domounlaplaine.re\/wp-content\/uploads\/2025\/12\/2025-10-27-aut-c7f0debb.pdf\" type=\"application\/pdf\" style=\"width:100%;height:600px\" aria-label=\"Contenu embarqu\u00e9 2025-10-27-aut-c7f0debb.\"><\/object><a id=\"wp-block-file--media-6d6acaad-6ac6-4d72-b93a-9f9788b42150\" href=\"http:\/\/domounlaplaine.re\/wp-content\/uploads\/2025\/12\/2025-10-27-aut-c7f0debb.pdf\">2025-10-27-aut-c7f0debb<\/a><a href=\"http:\/\/domounlaplaine.re\/wp-content\/uploads\/2025\/12\/2025-10-27-aut-c7f0debb.pdf\" class=\"wp-block-file__button wp-element-button\" download aria-describedby=\"wp-block-file--media-6d6acaad-6ac6-4d72-b93a-9f9788b42150\">T\u00e9l\u00e9charger<\/a><\/div>\n\n\n\n<div data-wp-interactive=\"core\/file\" class=\"wp-block-file\"><object data-wp-bind--hidden=\"!state.hasPdfPreview\" hidden class=\"wp-block-file__embed\" data=\"http:\/\/domounlaplaine.re\/wp-content\/uploads\/2025\/12\/2024-06-18-lem-237913ae.pdf\" type=\"application\/pdf\" style=\"width:100%;height:600px\" aria-label=\"Contenu embarqu\u00e9 2024-06-18-lem-237913ae.\"><\/object><a id=\"wp-block-file--media-7031ba5f-4577-4283-aeb0-21abeb471652\" href=\"http:\/\/domounlaplaine.re\/wp-content\/uploads\/2025\/12\/2024-06-18-lem-237913ae.pdf\">2024-06-18-lem-237913ae<\/a><a href=\"http:\/\/domounlaplaine.re\/wp-content\/uploads\/2025\/12\/2024-06-18-lem-237913ae.pdf\" class=\"wp-block-file__button wp-element-button\" download aria-describedby=\"wp-block-file--media-7031ba5f-4577-4283-aeb0-21abeb471652\">T\u00e9l\u00e9charger<\/a><\/div>\n\n\n\n<p>concertation publique <\/p>\n\n\n\n<div data-wp-interactive=\"core\/file\" class=\"wp-block-file\"><object data-wp-bind--hidden=\"!state.hasPdfPreview\" hidden class=\"wp-block-file__embed\" data=\"http:\/\/domounlaplaine.re\/wp-content\/uploads\/2025\/10\/PPVE-permis-exclusif-de-recherches-gites-geothermiques-CAFRES-PALMISTES.pdf\" type=\"application\/pdf\" style=\"width:100%;height:600px\" aria-label=\"Contenu embarqu\u00e9 PPVE permis exclusif de recherches g\u00eetes g\u00e9othermiques CAFRES PALMISTES.\"><\/object><a id=\"wp-block-file--media-1e5f7a3e-43e9-4e96-9f33-a53c3d847441\" href=\"http:\/\/domounlaplaine.re\/wp-content\/uploads\/2025\/10\/PPVE-permis-exclusif-de-recherches-gites-geothermiques-CAFRES-PALMISTES.pdf\">PPVE permis exclusif de recherches g\u00eetes g\u00e9othermiques CAFRES PALMISTES<\/a><a href=\"http:\/\/domounlaplaine.re\/wp-content\/uploads\/2025\/10\/PPVE-permis-exclusif-de-recherches-gites-geothermiques-CAFRES-PALMISTES.pdf\" class=\"wp-block-file__button wp-element-button\" download aria-describedby=\"wp-block-file--media-1e5f7a3e-43e9-4e96-9f33-a53c3d847441\">T\u00e9l\u00e9charger<\/a><\/div>\n\n\n\n<div data-wp-interactive=\"core\/file\" class=\"wp-block-file\"><object data-wp-bind--hidden=\"!state.hasPdfPreview\" hidden class=\"wp-block-file__embed\" data=\"http:\/\/domounlaplaine.re\/wp-content\/uploads\/2025\/06\/05___250423_per_geothermie_cafres-palmistes_974_delibere_cle1ab231.pdf\" type=\"application\/pdf\" style=\"width:100%;height:600px\" aria-label=\"Contenu embarqu\u00e9 05___250423_per_geothermie_cafres-palmistes_974_delibere_cle1ab231.\"><\/object><a id=\"wp-block-file--media-785a08aa-abc0-4f19-ade4-a7f4c86807f7\" href=\"http:\/\/domounlaplaine.re\/wp-content\/uploads\/2025\/06\/05___250423_per_geothermie_cafres-palmistes_974_delibere_cle1ab231.pdf\">05___250423_per_geothermie_cafres-palmistes_974_delibere_cle1ab231<\/a><a href=\"http:\/\/domounlaplaine.re\/wp-content\/uploads\/2025\/06\/05___250423_per_geothermie_cafres-palmistes_974_delibere_cle1ab231.pdf\" class=\"wp-block-file__button wp-element-button\" download aria-describedby=\"wp-block-file--media-785a08aa-abc0-4f19-ade4-a7f4c86807f7\">T\u00e9l\u00e9charger<\/a><\/div>\n\n\n\n<p>zinfo 974 juin 2025<\/p>\n\n\n\n<p><a href=\"https:\/\/www.zinfos974.com\/geothermie-a-la-reunion-le-projet-cafres-palmistes-sous-haute-surveillance-environnementale\/?\">https:\/\/www.zinfos974.com\/geothermie-a-la-reunion-le-projet-cafres-palmistes-sous-haute-surveillance-environnementale\/?<\/a><\/p>\n\n\n\n<figure class=\"wp-block-image size-large\"><img loading=\"lazy\" decoding=\"async\" width=\"1024\" height=\"745\" src=\"http:\/\/domounlaplaine.re\/wp-content\/uploads\/2023\/02\/GEOTHERMIE-001-1024x745.jpg\" alt=\"\" class=\"wp-image-2618\" srcset=\"http:\/\/domounlaplaine.re\/wp-content\/uploads\/2023\/02\/GEOTHERMIE-001-1024x745.jpg 1024w, http:\/\/domounlaplaine.re\/wp-content\/uploads\/2023\/02\/GEOTHERMIE-001-300x218.jpg 300w, http:\/\/domounlaplaine.re\/wp-content\/uploads\/2023\/02\/GEOTHERMIE-001-768x558.jpg 768w, http:\/\/domounlaplaine.re\/wp-content\/uploads\/2023\/02\/GEOTHERMIE-001-1536x1117.jpg 1536w, http:\/\/domounlaplaine.re\/wp-content\/uploads\/2023\/02\/GEOTHERMIE-001-2048x1489.jpg 2048w\" sizes=\"auto, (max-width: 1024px) 100vw, 1024px\" \/><\/figure>\n\n\n\n<figure class=\"wp-block-image size-large\"><img loading=\"lazy\" decoding=\"async\" width=\"745\" height=\"1024\" src=\"http:\/\/domounlaplaine.re\/wp-content\/uploads\/2023\/02\/GEOTHERMIE-1-001-745x1024.jpg\" alt=\"\" class=\"wp-image-2619\" srcset=\"http:\/\/domounlaplaine.re\/wp-content\/uploads\/2023\/02\/GEOTHERMIE-1-001-745x1024.jpg 745w, http:\/\/domounlaplaine.re\/wp-content\/uploads\/2023\/02\/GEOTHERMIE-1-001-218x300.jpg 218w, http:\/\/domounlaplaine.re\/wp-content\/uploads\/2023\/02\/GEOTHERMIE-1-001-768x1056.jpg 768w, http:\/\/domounlaplaine.re\/wp-content\/uploads\/2023\/02\/GEOTHERMIE-1-001-1117x1536.jpg 1117w, http:\/\/domounlaplaine.re\/wp-content\/uploads\/2023\/02\/GEOTHERMIE-1-001-1489x2048.jpg 1489w, http:\/\/domounlaplaine.re\/wp-content\/uploads\/2023\/02\/GEOTHERMIE-1-001-scaled.jpg 1861w\" sizes=\"auto, (max-width: 745px) 100vw, 745px\" \/><\/figure>\n\n\n\n<figure class=\"wp-block-image size-large\"><img loading=\"lazy\" decoding=\"async\" width=\"745\" height=\"1024\" src=\"http:\/\/domounlaplaine.re\/wp-content\/uploads\/2023\/02\/GEOTHERMIE2-001-745x1024.jpg\" alt=\"\" class=\"wp-image-2620\" srcset=\"http:\/\/domounlaplaine.re\/wp-content\/uploads\/2023\/02\/GEOTHERMIE2-001-745x1024.jpg 745w, http:\/\/domounlaplaine.re\/wp-content\/uploads\/2023\/02\/GEOTHERMIE2-001-218x300.jpg 218w, http:\/\/domounlaplaine.re\/wp-content\/uploads\/2023\/02\/GEOTHERMIE2-001-768x1056.jpg 768w, http:\/\/domounlaplaine.re\/wp-content\/uploads\/2023\/02\/GEOTHERMIE2-001-1117x1536.jpg 1117w, http:\/\/domounlaplaine.re\/wp-content\/uploads\/2023\/02\/GEOTHERMIE2-001-1489x2048.jpg 1489w, http:\/\/domounlaplaine.re\/wp-content\/uploads\/2023\/02\/GEOTHERMIE2-001-scaled.jpg 1861w\" sizes=\"auto, (max-width: 745px) 100vw, 745px\" \/><\/figure>\n\n\n\n<div data-wp-interactive=\"core\/file\" class=\"wp-block-file\"><object data-wp-bind--hidden=\"!state.hasPdfPreview\" hidden class=\"wp-block-file__embed\" data=\"http:\/\/domounlaplaine.re\/wp-content\/uploads\/2023\/02\/lithotheque_Geothermie_Reunion.pdf\" type=\"application\/pdf\" style=\"width:100%;height:600px\" aria-label=\"Contenu embarqu\u00e9 lithotheque_Geothermie_Reunion.\"><\/object><a id=\"wp-block-file--media-75dcb740-10f0-4ce1-b57e-3b7ab09737ba\" href=\"http:\/\/domounlaplaine.re\/wp-content\/uploads\/2023\/02\/lithotheque_Geothermie_Reunion.pdf\">lithotheque_Geothermie_Reunion<\/a><a href=\"http:\/\/domounlaplaine.re\/wp-content\/uploads\/2023\/02\/lithotheque_Geothermie_Reunion.pdf\" class=\"wp-block-file__button wp-element-button\" download aria-describedby=\"wp-block-file--media-75dcb740-10f0-4ce1-b57e-3b7ab09737ba\">T\u00e9l\u00e9charger<\/a><\/div>\n\n\n\n<div data-wp-interactive=\"core\/file\" class=\"wp-block-file\"><object data-wp-bind--hidden=\"!state.hasPdfPreview\" hidden class=\"wp-block-file__embed\" data=\"http:\/\/domounlaplaine.re\/wp-content\/uploads\/2023\/02\/BRGM-POTENTIELRP-50388-FR.pdf\" type=\"application\/pdf\" style=\"width:100%;height:600px\" aria-label=\"Contenu embarqu\u00e9 BRGM POTENTIELRP-50388-FR.\"><\/object><a id=\"wp-block-file--media-104feb74-5753-412d-b088-1a308b14f752\" href=\"http:\/\/domounlaplaine.re\/wp-content\/uploads\/2023\/02\/BRGM-POTENTIELRP-50388-FR.pdf\">BRGM POTENTIELRP-50388-FR<\/a><a href=\"http:\/\/domounlaplaine.re\/wp-content\/uploads\/2023\/02\/BRGM-POTENTIELRP-50388-FR.pdf\" class=\"wp-block-file__button wp-element-button\" download aria-describedby=\"wp-block-file--media-104feb74-5753-412d-b088-1a308b14f752\">T\u00e9l\u00e9charger<\/a><\/div>\n\n\n\n<p><a href=\"https:\/\/fr.wikipedia.org\/wiki\/G%C3%A9othermie_%C3%A0_La_R%C3%A9union\">https:\/\/fr.wikipedia.org\/wiki\/G%C3%A9othermie_%C3%A0_La_R%C3%A9union<\/a><\/p>\n\n\n\n<p><a href=\"http:\/\/citoyennedestpierre.viabloga.com\/news\/forages-geothermiques-et-saccages-a-la-plaine-des-sables\">http:\/\/citoyennedestpierre.viabloga.com\/news\/forages-geothermiques-et-saccages-a-la-plaine-des-sables<\/a><\/p>\n\n\n\n<p><a href=\"https:\/\/www.techno-science.net\/glossaire-definition\/Geothermie-a-La-Reunion-page-2.html\">https:\/\/www.techno-science.net\/glossaire-definition\/Geothermie-a-La-Reunion-page-2.html<\/a><\/p>\n\n\n\n<p><a href=\"https:\/\/www.zinfos974.com\/La-CASUD-n-abandonne-pas-le-projet-d-exploitation-geothermique_a135163.html\">https:\/\/www.zinfos974.com\/La-CASUD-n-abandonne-pas-le-projet-d-exploitation-geothermique_a135163.html<\/a><\/p>\n\n\n\n<p><a href=\"https:\/\/www.temoignages.re\/politique\/edito\/la-richesse-inexploitee-du-volcan-du-piton-de-la-fournaise-la-geothermie,87491\">https:\/\/www.temoignages.re\/politique\/edito\/la-richesse-inexploitee-du-volcan-du-piton-de-la-fournaise-la-geothermie,87491<\/a><\/p>\n\n\n\n<p><a href=\"https:\/\/heero.fr\/eco-renovation-re\/chauffage-energie-renouvelable\/pac-geothermique\/\">https:\/\/heero.fr\/eco-renovation-re\/chauffage-energie-renouvelable\/pac-geothermique\/<\/a><\/p>\n\n\n\n<figure class=\"wp-block-embed is-type-wp-embed is-provider-territoire-d-039-nergie wp-block-embed-territoire-d-039-nergie\"><div class=\"wp-block-embed__wrapper\">\nhttps:\/\/www.territoire-energie.com\/article\/geothermie-stand-by-a-la-reunion\n<\/div><\/figure>\n\n\n\n<p><a href=\"https:\/\/www.reunionnaisdumonde.com\/magazine\/articles-membres\/volcan-succes-de-la-petition-pour-sauver-la-plaine-des-sables\/\">https:\/\/www.reunionnaisdumonde.com\/magazine\/articles-membres\/volcan-succes-de-la-petition-pour-sauver-la-plaine-des-sables\/<\/a><\/p>\n\n\n\n<p><a href=\"https:\/\/www.inforeunion.net\/Fausse-joie-pour-l-Alliance-la-Region-ne-relance-pas-les-etudes-sur-la-geothermie-a-la-Plaine-des-Sables_a1756.html\">https:\/\/www.inforeunion.net\/Fausse-joie-pour-l-Alliance-la-Region-ne-relance-pas-les-etudes-sur-la-geothermie-a-la-Plaine-des-Sables_a1756.html<\/a><\/p>\n","protected":false},"excerpt":{"rendered":"<p>Feu vert de l\u2019\u00c9tat pour la g\u00e9othermie \u00e0 La R\u00e9union : Engie obtient son permis pour faire des recherches entre Le Tampon et La Plaine-des-Palmistes https:\/\/www.clicanoo.re\/article\/societe\/2025\/12\/15\/on-compare-des-choux-et-des-carottes-la-casud-denonce-un-suppose-favoritisme-de-letat-sur-un-projet-de-forage-a-la-plaine-des-palmistes#hyvor-talk-view concertation publique zinfo 974 juin 2025 https:\/\/www.zinfos974.com\/geothermie-a-la-reunion-le-projet-cafres-palmistes-sous-haute-surveillance-environnementale\/? https:\/\/fr.wikipedia.org\/wiki\/G%C3%A9othermie_%C3%A0_La_R%C3%A9union http:\/\/citoyennedestpierre.viabloga.com\/news\/forages-geothermiques-et-saccages-a-la-plaine-des-sables https:\/\/www.techno-science.net\/glossaire-definition\/Geothermie-a-La-Reunion-page-2.html https:\/\/www.zinfos974.com\/La-CASUD-n-abandonne-pas-le-projet-d-exploitation-geothermique_a135163.html https:\/\/www.temoignages.re\/politique\/edito\/la-richesse-inexploitee-du-volcan-du-piton-de-la-fournaise-la-geothermie,87491 https:\/\/heero.fr\/eco-renovation-re\/chauffage-energie-renouvelable\/pac-geothermique\/ https:\/\/www.reunionnaisdumonde.com\/magazine\/articles-membres\/volcan-succes-de-la-petition-pour-sauver-la-plaine-des-sables\/ https:\/\/www.inforeunion.net\/Fausse-joie-pour-l-Alliance-la-Region-ne-relance-pas-les-etudes-sur-la-geothermie-a-la-Plaine-des-Sables_a1756.html<\/p>\n","protected":false},"author":1,"featured_media":0,"parent":0,"menu_order":0,"comment_status":"closed","ping_status":"closed","template":"","meta":{"footnotes":""},"class_list":["post-2607","page","type-page","status-publish","hentry"],"_links":{"self":[{"href":"http:\/\/domounlaplaine.re\/index.php?rest_route=\/wp\/v2\/pages\/2607","targetHints":{"allow":["GET"]}}],"collection":[{"href":"http:\/\/domounlaplaine.re\/index.php?rest_route=\/wp\/v2\/pages"}],"about":[{"href":"http:\/\/domounlaplaine.re\/index.php?rest_route=\/wp\/v2\/types\/page"}],"author":[{"embeddable":true,"href":"http:\/\/domounlaplaine.re\/index.php?rest_route=\/wp\/v2\/users\/1"}],"replies":[{"embeddable":true,"href":"http:\/\/domounlaplaine.re\/index.php?rest_route=%2Fwp%2Fv2%2Fcomments&post=2607"}],"version-history":[{"count":12,"href":"http:\/\/domounlaplaine.re\/index.php?rest_route=\/wp\/v2\/pages\/2607\/revisions"}],"predecessor-version":[{"id":3545,"href":"http:\/\/domounlaplaine.re\/index.php?rest_route=\/wp\/v2\/pages\/2607\/revisions\/3545"}],"wp:attachment":[{"href":"http:\/\/domounlaplaine.re\/index.php?rest_route=%2Fwp%2Fv2%2Fmedia&parent=2607"}],"curies":[{"name":"wp","href":"https:\/\/api.w.org\/{rel}","templated":true}]}}