{"id":1041,"date":"2021-10-28T17:22:38","date_gmt":"2021-10-28T13:22:38","guid":{"rendered":"http:\/\/domounlaplaine.re\/?page_id=1041"},"modified":"2022-03-14T10:20:08","modified_gmt":"2022-03-14T06:20:08","slug":"petition-parc-du-volcan","status":"publish","type":"page","link":"http:\/\/domounlaplaine.re\/?page_id=1041","title":{"rendered":"p\u00e9tition parc du volcan"},"content":{"rendered":"\n<p><strong><span class=\"has-inline-color has-vivid-red-color\">p\u00e9tition du 21 01 2021<\/span><\/strong><\/p>\n\n\n\n<p><a href=\"https:\/\/www.change.org\/p\/deal-de-la-r%C3%A9union-pr%C3%A9server-les-espaces-naturels-exceptionnels-de-bourg-murat-%C3%A0-la-plaine-des-cafres?redirect=false\">https:\/\/www.change.org\/p\/deal-de-la-r%C3%A9union-pr%C3%A9server-les-espaces-naturels-exceptionnels-de-bourg-murat-%C3%A0-la-plaine-des-cafres?redirect=false<\/a><\/p>\n\n\n\n<figure class=\"wp-block-image\"><img decoding=\"async\" src=\"https:\/\/assets.change.org\/photos\/0\/te\/le\/uqteLeyjSjtuwbz-48x48-noPad.jpg?1525497461\" alt=\"\"\/><\/figure>\n\n\n\n<p><strong><a href=\"https:\/\/www.change.org\/u\/253857531\">Gilbert LA PORTE<\/a>&nbsp;a lanc\u00e9 cette p\u00e9tition adress\u00e9e \u00e0&nbsp;DEAL de La R\u00e9union&nbsp;et \u00e0&nbsp;8 autres<\/strong><\/p>\n\n\n\n<p>Les pitons, cirques et remparts de l\u2019Ile de La R\u00e9union ont \u00e9t\u00e9 inscrits en 2010 au<strong>&nbsp;Patrimoine mondial de l\u2019UNESCO<\/strong>. Sur&nbsp;<a href=\"https:\/\/whc.unesco.org\/fr\/list\/1317\/\" rel=\"noreferrer noopener\" target=\"_blank\">son site<\/a>, il est indiqu\u00e9&nbsp;:<\/p>\n\n\n\n<p>\u00ab&nbsp;<em>Le bien b\u00e9n\u00e9ficie d\u2019une protection juridique effective gr\u00e2ce \u00e0 son classement en Parc national. Pour veiller \u00e0 la valeur universelle exceptionnelle du bien, il faudra&nbsp;<strong>une application efficace et adaptative du plan de gestion en \u00e9volution pour le Parc national de La R\u00e9union<\/strong>&nbsp;ainsi que des ressources financi\u00e8res et en personnel suffisantes et \u00e0 long terme. La gestion du Parc national d\u00e9pend de consultations exhaustives avec les acteurs gouvernementaux et de la soci\u00e9t\u00e9 civile et b\u00e9n\u00e9ficie de structures scientifiques, de recherche, socio-\u00e9conomiques et culturelles. Des consultations efficaces et utiles avec tous les acteurs concern\u00e9s, y compris les communaut\u00e9s qui vivent dans les zones tampons et les zones environnantes, sont indispensables.<\/em><\/p>\n\n\n\n<p><em><strong>Des mesures s\u2019imposent \u00e9galement pour r\u00e9pondre \u00e0 plusieurs menaces sp\u00e9cifiques et pour garantir le maintien et le renforcement de la valeur universelle exceptionnelle<\/strong>. Une surveillance continue et l\u2019application d\u2019une strat\u00e9gie compl\u00e8te pour contr\u00f4ler et \u00e9radiquer les esp\u00e8ces exotiques envahissantes sont indispensables et devront \u00eatre men\u00e9es \u00e0 long terme et de mani\u00e8re ininterrompue ainsi qu\u2019avec un financement continu important. Certes, le terrain accident\u00e9 assure un certain degr\u00e9 de protection naturelle contre l\u2019empi\u00e9tement,&nbsp;<strong>mais les activit\u00e9s \u00e9conomiques anthropiques telles que l\u2019agriculture, la sylviculture, la production d\u2019\u00e9nergie et le tourisme doivent \u00eatre g\u00e9r\u00e9es tant \u00e0 l\u2019int\u00e9rieur du bien que dans sa zone tampon de mani\u00e8re \u00e0 ne pas nuire \u00e0 l\u2019int\u00e9grit\u00e9 du bien<\/strong>.&nbsp;<\/em>\u00bb<\/p>\n\n\n\n<p>Or, nous, adh\u00e9rents de l\u2019association de la loi 1901&nbsp;<strong>DOMOUN LA PLAINE<\/strong>, attirons l&rsquo;attention sur la menace qui plane sur une partie de ce patrimoine, au niveau de la r\u00e9gion du&nbsp;<strong>Piton de la Fournaise<\/strong>, sur la Commune du Tampon.<\/p>\n\n\n\n<p>Notre association a vu le jour&nbsp; en septembre 2021, dans le cadre de la concertation publique sur le projet de la Municipalit\u00e9 du Tampon de mise en place d&rsquo;un parc d&rsquo;attractions pompeusement nomm\u00e9 \u00ab\u00a0<a href=\"https:\/\/parcduvolcan.letampon.fr\/\" rel=\"noreferrer noopener\" target=\"_blank\"><em>Parc du Volcan<\/em><\/a>\u00ab\u00a0, mais qui veut tout simplement d\u00e9truire les magnifiques paysages du joli village du 27\u00e8me KM \u00e0 la Plaine des Cafres, Bourg Murat, pour y installer une station de 10 tyroliennes au sommet du Piton Dugain, un ballon captif et un peu de greenwashing avec des serres g\u00e9od\u00e9siques pour y voir pousser, \u00e0 1600 m d&rsquo;altitude, des plantes qui poussent sur le littoral (greenwashing rat\u00e9).<\/p>\n\n\n\n<p>Nous avons alert\u00e9 les autorit\u00e9s de La R\u00e9union&nbsp;: Pr\u00e9fecture, Direction de l&rsquo;Environnement, de l&rsquo;Am\u00e9nagement et du Logement, la R\u00e9gion R\u00e9union, le D\u00e9partement et, bien s\u00fbr, la Municipalit\u00e9 du Tampon \u00e0 travers nos interventions lors de la concertation, pour contester certains aspects du projet de la Municipalit\u00e9, :<\/p>\n\n\n\n<p>1. Ouvertement \u00e9cocides ;<\/p>\n\n\n\n<p>2. Sans doute inutiles tant pour le tourisme, les activit\u00e9s \u00e9conomiques et l\u2019emploi, au regard des attraits r\u00e9els et des atouts naturels de ce coin de l\u2019\u00eele et de ce que les gens viennent y chercher&nbsp; ;<\/p>\n\n\n\n<p>3. Et dans tous les cas budg\u00e9tivores.<\/p>\n\n\n\n<p>En effet, le projet va co\u00fbter au bas mot 11 millions d&rsquo;euros, simplement pour les am\u00e9nagements et les installations pharaoniques. Il faut savoir que les tyroliennes qui devaient co\u00fbter initialement 2 millions d&rsquo;euros, ont vu leur budget augmenter de 35 %, avant m\u00eame que les travaux aient \u00e9t\u00e9 lanc\u00e9s.<\/p>\n\n\n\n<p>Aucune information n&rsquo;a \u00e9t\u00e9 donn\u00e9e par le ma\u00eetre d&rsquo;ouvrage sur le budget de fonctionnement de ce parc d&rsquo;attraction, quand on sait comment sont en train de faillir un peu partout, y compris \u00e0 La R\u00e9union, les pr\u00e9c\u00e9dents projets de parc d&rsquo;attraction.<\/p>\n\n\n\n<p>En tout cas, les membres de Domoun la Plaine lancent l&rsquo;alerte sur la destruction&nbsp;<strong>irr\u00e9versible<\/strong>&nbsp;des beaux paysages de la Plaine des Cafres que la Nature a mis des mill\u00e9naires \u00e0 fa\u00e7onner, et, ce faisant, de l&rsquo;habitat naturel de nombreuses esp\u00e8ces v\u00e9g\u00e9tales et animales end\u00e9miques ou indig\u00e8nes de cette r\u00e9gion de l&rsquo;\u00eele de La R\u00e9union.<\/p>\n\n\n\n<p>Le r\u00e9cent avis de la Mission r\u00e9gionale d&rsquo;autorit\u00e9 environnementale sur ce projet de Parc d&rsquo;attractions, est \u00e9loquent et met \u00e0 sa mani\u00e8re en garde contre d&rsquo;\u00e9normes menaces qu&rsquo;il ferait peser sur ce patrimoine mondial et sur la population environnante.<\/p>\n\n\n\n<p>Il est urgent d\u2019enrayer la course folle de la Municipalit\u00e9, certes gestionnaire du territoire du Tampon mais nullement son propri\u00e9taire, et qui a en revanche&nbsp;<strong>le devoir imp\u00e9rieux de transmettre ce patrimoine naturel intact aux g\u00e9n\u00e9rations futures<\/strong>.<\/p>\n\n\n\n<p>Signez cette p\u00e9tition et rejoignez notre combat pour prot\u00e9ger nos espaces naturels exceptionnels et les garder intacts.<\/p>\n\n\n\n<figure class=\"wp-block-image size-full\"><img loading=\"lazy\" decoding=\"async\" width=\"428\" height=\"257\" src=\"http:\/\/domounlaplaine.re\/wp-content\/uploads\/2021\/10\/petition-img-152207-fr.jpeg\" alt=\"\" class=\"wp-image-1046\" srcset=\"http:\/\/domounlaplaine.re\/wp-content\/uploads\/2021\/10\/petition-img-152207-fr.jpeg 428w, http:\/\/domounlaplaine.re\/wp-content\/uploads\/2021\/10\/petition-img-152207-fr-300x180.jpeg 300w\" sizes=\"auto, (max-width: 428px) 100vw, 428px\" \/><\/figure>\n\n\n\n<p><a href=\"https:\/\/www.change.org\/p\/deal-de-la-r%C3%A9union-pr%C3%A9server-les-espaces-naturels-exceptionnels-de-bourg-murat-%C3%A0-la-plaine-des-cafres?redirect=false\">https:\/\/www.change.org\/p\/deal-de-la-r%C3%A9union-pr%C3%A9server-les-espaces-naturels-exceptionnels-de-bourg-murat-%C3%A0-la-plaine-des-cafres?redirect=false<\/a><\/p>\n\n\n\n<h2 class=\"wp-block-heading\">p\u00e9tition juin 2021 pendant enqu\u00eate pr\u00e9alable parc du volcan<\/h2>\n\n\n\n<p><a href=\"https:\/\/www.mesopinions.com\/petition\/nature-environnement\/amelioration-hauts-tyrolienne-ballon-captif-super\/152207?fbclid=IwAR3fgpvNAohnBR-gNI8RvSlrAc5l3VMhCxDBi-3avRk3Bfl220XjrzslUHg\">https:\/\/www.mesopinions.com\/petition\/nature-environnement\/amelioration-hauts-tyrolienne-ballon-captif-super\/152207?fbclid=IwAR3fgpvNAohnBR-gNI8RvSlrAc5l3VMhCxDBi-3avRk3Bfl220XjrzslUHg<\/a><\/p>\n","protected":false},"excerpt":{"rendered":"<p>p\u00e9tition du 21 01 2021 https:\/\/www.change.org\/p\/deal-de-la-r%C3%A9union-pr%C3%A9server-les-espaces-naturels-exceptionnels-de-bourg-murat-%C3%A0-la-plaine-des-cafres?redirect=false Gilbert LA PORTE&nbsp;a lanc\u00e9 cette p\u00e9tition adress\u00e9e \u00e0&nbsp;DEAL de La R\u00e9union&nbsp;et \u00e0&nbsp;8 autres Les pitons, cirques et remparts de l\u2019Ile de La R\u00e9union ont \u00e9t\u00e9 inscrits en 2010 au&nbsp;Patrimoine mondial de l\u2019UNESCO. Sur&nbsp;son site, il est indiqu\u00e9&nbsp;: \u00ab&nbsp;Le bien b\u00e9n\u00e9ficie d\u2019une protection juridique effective gr\u00e2ce \u00e0 son classement en [&hellip;]<\/p>\n","protected":false},"author":1,"featured_media":0,"parent":0,"menu_order":0,"comment_status":"closed","ping_status":"closed","template":"","meta":{"footnotes":""},"class_list":["post-1041","page","type-page","status-publish","hentry"],"_links":{"self":[{"href":"http:\/\/domounlaplaine.re\/index.php?rest_route=\/wp\/v2\/pages\/1041","targetHints":{"allow":["GET"]}}],"collection":[{"href":"http:\/\/domounlaplaine.re\/index.php?rest_route=\/wp\/v2\/pages"}],"about":[{"href":"http:\/\/domounlaplaine.re\/index.php?rest_route=\/wp\/v2\/types\/page"}],"author":[{"embeddable":true,"href":"http:\/\/domounlaplaine.re\/index.php?rest_route=\/wp\/v2\/users\/1"}],"replies":[{"embeddable":true,"href":"http:\/\/domounlaplaine.re\/index.php?rest_route=%2Fwp%2Fv2%2Fcomments&post=1041"}],"version-history":[{"count":7,"href":"http:\/\/domounlaplaine.re\/index.php?rest_route=\/wp\/v2\/pages\/1041\/revisions"}],"predecessor-version":[{"id":1870,"href":"http:\/\/domounlaplaine.re\/index.php?rest_route=\/wp\/v2\/pages\/1041\/revisions\/1870"}],"wp:attachment":[{"href":"http:\/\/domounlaplaine.re\/index.php?rest_route=%2Fwp%2Fv2%2Fmedia&parent=1041"}],"curies":[{"name":"wp","href":"https:\/\/api.w.org\/{rel}","templated":true}]}}